he units digit of p?
5
Suppose -3*w = -3*l + 5298, -4*l = -w - 3931 - 3139. What is the thousands digit of l?
1
Let v(o) = -525*o - 5. Let b be v(-2). Suppose -5*y + 5*t + b = 0, -3*y + 229 = -2*y + 3*t. What is the units digit of y?
4
What is the hundreds digit of ((-2)/(-3))/((-4)/(-6138))?
0
Let s = 28 + -20. Let f = s - 4. Suppose -299 = -5*p - 3*w, 3*p - 185 = f*w - 3*w. What is the units digit of p?
1
Let t(y) = 2*y**3 + 27*y**2 + 23*y - 11. What is the hundreds digit of t(-12)?
1
Suppose -4*n + 5 + 31 = 0. Suppose -18 - n = -u. What is the units digit of u?
7
Let c be (-2)/(-7) - 18/14. Let i(g) = -7*g + 1. Let s be i(c). Suppose -3*f - s = -7*f. What is the units digit of f?
2
Let b(z) be the first derivative of -z**2 - 10*z - 6. Let c be b(-7). Suppose c*x = 0, 5*k = x + 16 + 14. What is the units digit of k?
6
Suppose 0 = -4*l + 4*p + 8, -4*p - 6 = -l - 5*p. Let q(a) = a**2 + 13*a - 69. Let n be q(11). Suppose 7*r - n = l*r. What is the tens digit of r?
6
Let x be -2*(0 + 4/(-8)). Suppose -5*f - x - 4 = 0. What is the tens digit of f/(-1*(-4)/(-56))?
1
Let q(w) = -w**2 + 4*w + 104. Let t be q(0). What is the hundreds digit of 1909/8 - (-39)/t?
2
Let m(u) = u**3 - 3*u**2 - 5*u + 805. What is the tens digit of m(0)?
0
Let a(m) = -5*m + 5 + 3 + 16*m**2 + 19*m**2 + 11*m. What is the units digit of a(-2)?
6
Suppose 3*t + 5 - 2 = 0. Let w(o) = -o**3 + 8*o**2 + 13*o + 6. Let l(s) = -s**3 + s + 1. Let x(g) = t*w(g) + 2*l(g). What is the tens digit of x(-7)?
2
Suppose 0 = -10*u + 39 + 10281. What is the hundreds digit of u?
0
Suppose -14*u + 27 = -5*u. What is the units digit of u?
3
Suppose 3896 = 5*a - 6249. What is the hundreds digit of a?
0
Let n(s) = s + 15. Let o be n(-10). Suppose -2*u - 323 + 949 = 2*v, 0 = o*v + 4*u - 1565. What is the tens digit of v?
1
What is the units digit of (68 - (13 + -2))*4/6?
8
Let m(k) = 77*k + 133. Let c(l) = 26*l + 44. Let s(y) = -7*c(y) + 2*m(y). What is the tens digit of s(-6)?
2
Suppose 4*b = 10 + 2. Suppose -g + 23 = 3*q + q, -12 = -q + g. Suppose 2*d - a = q*d - 12, 8 = d + b*a. What is the units digit of d?
2
Let o = 89 - 22. Suppose -50 - o = -3*m. What is the units digit of m?
9
Let q(t) = -3*t**2 - 12*t + 17. Let h be q(-10). Let u = -33 - h. What is the tens digit of u?
3
Let y = -61 - -41. Let d be -31 + (0 - 0) - 0. Let z = y - d. What is the tens digit of z?
1
Let o(s) = -3*s - 20. Let b be o(-8). Suppose 0 = -a - c + 3, 4*a = -5*c + b*c. What is the tens digit of 14 - (-1 - 0)/a?
1
Suppose -2*y = -2*f + 2, -4*f + 3 = y - 6. Suppose 34 = f*t + 4*x, 3*t + 5*x + 16 = 7*t. What is the units digit of t?
9
Suppose -3*x - 27 = -4*c, 0 = -0*c + 3*c + x - 17. Suppose -c = -3*n, 4*n - 192 = -v - 37. What is the units digit of v?
7
Let t = -108 + 129. Suppose t*n - 1108 = 17*n. What is the units digit of n?
7
Suppose -5*a + 11 = -r + 69, 5*r = 4*a + 374. Suppose -2*z + r = 238. What is the tens digit of 0 - (-1)/((-4)/z)?
2
Let a(p) = 3*p. Let i be a(2). Let u be (-10)/(-15) + 32/i. What is the tens digit of (u/4)/(15/190)?
1
Let g(r) = 3*r**2 - 10*r + 17. Let v be g(4). Suppose 20*i - v*i = -915. What is the units digit of i?
3
Let w(l) = l - 9. Let i be w(9). Suppose -16*d + 4*d + 228 = i. What is the tens digit of d?
1
Let q = 3115 + 260. What is the units digit of q?
5
Suppose -1145 = -2*h - 5*t, t - 4*t - 1105 = -2*h. What is the tens digit of h?
6
Suppose 4*h = -d + 548, -3*h - 5*d = -628 + 234. What is the hundreds digit of h?
1
Suppose 5*r + 3*w - 2223 = 0, -5*r = 2*w - 1401 - 826. What is the units digit of r?
7
Suppose -44*u + 49*u - 8510 = 0. What is the units digit of u?
2
Suppose i = -4*i + 10. Suppose 4*c - i*f = 2*f - 92, -2*f + 10 = 0. What is the tens digit of c/(-24)*(-168)/(-3)?
4
Let r(j) = j**3 - 22*j**2 + 26*j + 21. Let d be r(21). Suppose 0 = -6*v + d - 6. What is the units digit of v?
0
Let a(b) = 14*b - 83. Let i be 17 - (4 - 1) - (1 - -1). What is the tens digit of a(i)?
8
Let i be 3*4/24*10. Suppose 0 = -i*c + 121 + 234. What is the units digit of c?
1
Suppose -5*o - 3*m - 90 = -8*o, -3*o - 5*m + 130 = 0. Suppose -2*k = -k - o. What is the tens digit of k?
3
Let w = 56 - 74. Let q = 58 - w. What is the units digit of q?
6
Suppose -q - 4 = 0, 5*j - 2*q - 53 = -5*q. Let u be (2/(-4))/(j/650). What is the tens digit of (-415)/u + (-4)/(-10)?
1
Let d(y) = y + 20. Let m(b) = -b + 3. Let c be m(21). What is the units digit of d(c)?
2
Let h be 4*6/8 - 24. Let q be h/(-3) - (-6)/(-2). Suppose -2*c = -q*u + 24, -u = -0*u + c. What is the units digit of u?
4
Suppose -47 = 2*f + 123. Let w = -72 - f. What is the tens digit of w?
1
Let m = 823 - 234. What is the tens digit of m?
8
Suppose 1611*g - 1608 = 1610*g. What is the units digit of g?
8
Suppose 0 = -2*r - 3*r + 10. Suppose -2*l + 4*z = l + 278, 3*z = r*l + 187. Let x = 126 + l. What is the tens digit of x?
4
Let h(u) = u**3 + 7*u**2 + 12*u + 10. Let m be h(-5). Suppose m = -o + 6*o - 425. What is the units digit of o?
5
Let k be 6/9 - (-43)/3. Let t = 390 - 134. Suppose -t = 11*f - k*f. What is the units digit of f?
4
Let d(q) = -2*q**3 - 4*q**2 - 4*q. Let f be d(-5). Let u = -91 + f. Let i = -32 + u. What is the units digit of i?
7
What is the units digit of (86/4)/(-3*4/(-24))?
3
Let m be (-3)/(-5) - 396/(-90). Suppose 2*x - 5*b - 159 = 0, m*b + 15 - 40 = 0. What is the tens digit of x?
9
Suppose 372 + 251 = 7*k. What is the units digit of k?
9
Suppose 11 = w - 2*v, 3*v + 18 = -3*w + 6. Let u(g) = 15*g + 53 - 22 - 29. What is the tens digit of u(w)?
1
Suppose 0 = 2*q - 3*q + 6. Suppose 4*h = 5*z + 172, q*h = 2*h + 3*z + 180. Suppose 2*v - 42 - h = 0. What is the tens digit of v?
4
Let r = 547 + -270. What is the tens digit of r?
7
Suppose 3*q + 3 = -5*p + 4, 5*p + 13 = 4*q. Let m be 4/8 - 323/q. Let z = m - -227. What is the units digit of z?
6
Let v(p) = -72*p + 17. What is the hundreds digit of v(-11)?
8
Let q(h) = 101*h**2 + 16*h + 17. Let i(s) = 25*s**2 + 4*s + 4. Let t(a) = 9*i(a) - 2*q(a). What is the units digit of t(-2)?
6
Let f(p) = p**2 - p + 13. Suppose -4*u - 5*n = -16, n = 2*u - 4 - 18. What is the units digit of f(u)?
5
Let u = -56 + 59. What is the tens digit of 1/u + 320*6/18?
0
Let m(u) = -u - 3. Let n be m(-8). Suppose n = 2*q - 3. Suppose 6*f - 68 = q*f. What is the tens digit of f?
3
Let b = 4156 + -1073. What is the tens digit of b?
8
Let n(o) = -3*o**2 + 64*o + 89. Let d(u) = 2*u**2 - 32*u - 44. Let i(b) = -5*d(b) - 3*n(b). What is the hundreds digit of i(-20)?
1
Let x(r) = r - 11. Let a be x(15). Let c be (a + 2)*(-3)/(-9). Suppose 8 = -0*f - c*f - 4*b, 0 = -2*f - 2*b. What is the units digit of f?
4
Let u = 2 - 10. Let x be 1 - 4 - u - 3. What is the tens digit of x/(-4) - 417/(-6)?
6
Let v(s) = -s - 6. Let g be v(-7). Let y be -4 - (g + 3)/(-4). Let x(i) = -14*i + 7. What is the tens digit of x(y)?
4
What is the tens digit of ((-31)/62)/(3/(-762))?
2
Let k = -380 - 7. Let z = k - -1284. What is the units digit of (-12)/(-42) + z/21?
3
Suppose -294 - 302 = -2*n. What is the tens digit of n?
9
Let p(x) = 13*x**2 + 2*x + 1. Let q = -31 + 33. What is the tens digit of p(q)?
5
Let w be -8*(9/(-4) - -3). Let f = 37 + w. What is the units digit of f?
1
Suppose 5*s + 3*w - 1106 = 0, 8*s - 3*s - 4*w = 1092. Suppose 5*v + 0*v + s = 0. Let n = -12 - v. What is the units digit of n?
2
Let g = 2161 - 712. What is the hundreds digit of g?
4
Suppose -56 = v - 442. What is the units digit of v?
6
Let t = 7 + 78. Let n = t + -31. What is the units digit of 2/12 + 639/n?
2
Let n(m) = 6*m**3 - m**2. Let g be n(1). Let x = -12 + 15. Suppose -v = -5, -x*k - 21 = -g*k + v. What is the units digit of k?
3
What is the hundreds digit of ((-4)/(-6))/((-18)/27)*-977?
9
Let u = -9 + 11. Let n(w) = -3*w - 2 + w + u + 3. What is the units digit of n(-6)?
5
Let p be 6/(-24) + 18/8. Suppose -2*s + 52 = 3*a - 0*a, 2*s + 28 = p*a. Suppose -4*h - 17 = -o, -5*h - a = -h. What is the units digit of o?
1
Let r(n) = n**2 + 3*n - 19. Let k be r(-6). Let s(t) be the second derivative of -7*t**5/5 - 3*t. What is the tens digit of s(k)?
2
Let n(a) = -a**3 + 5*a**2 - 5*a. Let j be n(3). Suppose -g + j*g = 542. What is the units digit of g?
1
Suppose 10*m - 3*i = 5*m + 13451, -m = 2*i - 2698. What is the hundreds digit of m?
6
Let c = 67 + -7